{"id":12,"date":"2022-04-13T16:50:00","date_gmt":"2022-04-13T14:50:00","guid":{"rendered":"https:\/\/www.rockpodkamenom.sk\/?page_id=12"},"modified":"2026-05-01T17:01:01","modified_gmt":"2026-05-01T15:01:01","slug":"rockpodkamenom-sk-uvod","status":"publish","type":"page","link":"https:\/\/www.rockpodkamenom.sk\/en\/","title":{"rendered":"Rockpodkamenom.sk - \u00davod"},"content":{"rendered":"<h1 class=\"wp-block-heading has-text-align-center\">ROCK POD KAME\u0147OM <\/h1>\n\n\n\n<p>Festival <strong>ROCK POD KAME\u0147OM <\/strong>sa v roku 2026 vracia v plnej sile a op\u00e4\u0165 premen\u00ed Bel\u00fa nad Cirochou na epicentrum dobrej hudby a nezabudnute\u013enej festivalovej atmosf\u00e9ry. V term\u00edne 25. \u2013 27. j\u00fana 2026 za\u017eije\u0161 tri dni nabit\u00e9 energiou, siln\u00fdmi em\u00f3ciami a vyst\u00fapeniami, na ktor\u00e9 sa nezab\u00fada.<br><br>Line-up prin\u00e1\u0161a v\u00fdnimo\u010dn\u00e9 spojenie svetov\u00fdch legiend a s\u00fa\u010dasnej \u0161pi\u010dky \u2013 na p\u00f3diu sa predstavia ikonick\u00ed <strong>EUROPE<\/strong>, ktor\u00ed oslavuj\u00fa 40 rokov od vydania albumu <em>The Final Countdown<\/em>, power metalov\u00e1 legenda <strong>HELLOWEEN<\/strong>, energick\u00ed <strong>BLACK EYED PEAS <\/strong>\u010di symfonick\u00e1 hviezda <strong>WITHIN TEMPTATION<\/strong>.<br><br>Fan\u00fa\u0161ikov tvrdej gitarovej hudby pote\u0161\u00ed siln\u00e1 zostava v podobe <strong>MASTODON<\/strong>, <strong>STEEL PANTHER<\/strong>, <strong>PRETTY MAIDS<\/strong>, <strong>IN EXTREMO<\/strong>, <strong>DROWNING POOL<\/strong>, <strong>SONATA ARCTICA<\/strong>, <strong>KORPIKLAANI<\/strong>, <strong>AXXIS<\/strong> a <strong>BATTLE BEAST<\/strong>. Na svoje si pr\u00eddu aj fan\u00fa\u0161ikovia \u017e\u00e1nrovej pestrosti a modernej produkcie v\u010faka men\u00e1m ako <strong>PENDULUM<\/strong>, <strong>DUB FX<\/strong> \u010di <strong>ERIC HUTCHENCE<\/strong>, ktor\u00e9 prin\u00e1\u0161aj\u00fa \u00faplne in\u00fa, no rovnako intenz\u00edvnu koncertn\u00fa energiu.<br><br>Nebud\u00fa ch\u00fdba\u0165 ani v\u00fdrazn\u00e9 men\u00e1 \u010deskej a slovenskej sc\u00e9ny \u2013 legend\u00e1rny <strong>HORK\u00dd\u017dE SL\u00cd\u017dE<\/strong>, <strong>MICHAL DAVID<\/strong>, <strong>INEKAFE<\/strong>, <strong>KONFLIKT<\/strong>, <strong>SLOBODN\u00c1 E\u00daROPA<\/strong> \u010di <strong>HE\u013dENINE O\u010cI<\/strong>, spolu s \u010fal\u0161\u00edmi interpretmi ako <strong>CATASTROFY<\/strong>, <strong>RAVENCLAW<\/strong>, <strong>EUFORY<\/strong>, <strong>KORN SK<\/strong>, <strong>LAST TALE<\/strong>, <strong>HEAD2DOWN<\/strong> a <strong>DORA<\/strong>.<br><br><strong>ROCK POD KAME\u0147OM<\/strong> je viac ne\u017e len festival \u2013 je to miesto stretnut\u00ed, slobody, hudby a nezamenite\u013enej atmosf\u00e9ry pod hol\u00fdm nebom, kde ka\u017ed\u00fd rok vznikaj\u00fa z\u00e1\u017eitky, na ktor\u00e9 sa nezab\u00fada.<br><br>Zabezpe\u010d si vstupenku v\u010das a bu\u010f s\u00fa\u010das\u0165ou jedn\u00e9ho z najv\u00e4\u010d\u0161\u00edch hudobn\u00fdch z\u00e1\u017eitkov leta 2026.<\/p>\n\n\n\n<p><\/p>","protected":false},"excerpt":{"rendered":"<p>ROCK POD KAME\u0147OM Festival ROCK POD KAME\u0147OM sa v roku 2026 vracia v plnej sile a op\u00e4\u0165 premen\u00ed Bel\u00fa nad Cirochou na epicentrum dobrej hudby a nezabudnute\u013enej festivalovej atmosf\u00e9ry. V term\u00edne 25. \u2013 27. j\u00fana 2026 za\u017eije\u0161 tri dni nabit\u00e9 energiou, siln\u00fdmi em\u00f3ciami a vyst\u00fapeniami, na ktor\u00e9 sa nezab\u00fada. Line-up prin\u00e1\u0161a v\u00fdnimo\u010dn\u00e9 spojenie svetov\u00fdch legiend [&hellip;]<\/p>\n","protected":false},"author":1,"featured_media":0,"parent":0,"menu_order":0,"comment_status":"closed","ping_status":"closed","template":"","meta":{"om_disable_all_campaigns":false,"_monsterinsights_skip_tracking":false,"_monsterinsights_sitenote_active":false,"_monsterinsights_sitenote_note":"","_monsterinsights_sitenote_category":0,"_uf_show_specific_survey":0,"_uf_disable_surveys":false,"ngg_post_thumbnail":0,"footnotes":""},"class_list":["post-12","page","type-page","status-publish","hentry"],"aioseo_notices":[],"jetpack_sharing_enabled":true,"_links":{"self":[{"href":"https:\/\/www.rockpodkamenom.sk\/en\/wp-json\/wp\/v2\/pages\/12","targetHints":{"allow":["GET"]}}],"collection":[{"href":"https:\/\/www.rockpodkamenom.sk\/en\/wp-json\/wp\/v2\/pages"}],"about":[{"href":"https:\/\/www.rockpodkamenom.sk\/en\/wp-json\/wp\/v2\/types\/page"}],"author":[{"embeddable":true,"href":"https:\/\/www.rockpodkamenom.sk\/en\/wp-json\/wp\/v2\/users\/1"}],"replies":[{"embeddable":true,"href":"https:\/\/www.rockpodkamenom.sk\/en\/wp-json\/wp\/v2\/comments?post=12"}],"version-history":[{"count":5,"href":"https:\/\/www.rockpodkamenom.sk\/en\/wp-json\/wp\/v2\/pages\/12\/revisions"}],"predecessor-version":[{"id":3722,"href":"https:\/\/www.rockpodkamenom.sk\/en\/wp-json\/wp\/v2\/pages\/12\/revisions\/3722"}],"wp:attachment":[{"href":"https:\/\/www.rockpodkamenom.sk\/en\/wp-json\/wp\/v2\/media?parent=12"}],"curies":[{"name":"wp","href":"https:\/\/api.w.org\/{rel}","templated":true}]}}

Rockpodkamenom.sk - Úvod

<h1 class="wp-block-heading has-text-align-center">ROCK POD KAMEŇOM </h1>



<p>Festival <strong>ROCK POD KAMEŇOM </strong>sa v roku 2026 vracia v plnej sile a opäť premení Belú nad Cirochou na epicentrum dobrej hudby a nezabudnuteľnej festivalovej atmosféry. V termíne 25. – 27. júna 2026 zažiješ tri dni nabité energiou, silnými emóciami a vystúpeniami, na ktoré sa nezabúda.<br><br>Line-up prináša výnimočné spojenie svetových legiend a súčasnej špičky – na pódiu sa predstavia ikonickí <strong>EUROPE</strong>, ktorí oslavujú 40 rokov od vydania albumu <em>The Final Countdown</em>, power metalová legenda <strong>HELLOWEEN</strong>, energickí <strong>BLACK EYED PEAS </strong>či symfonická hviezda <strong>WITHIN TEMPTATION</strong>.<br><br>Fanúšikov tvrdej gitarovej hudby poteší silná zostava v podobe <strong>MASTODON</strong>, <strong>STEEL PANTHER</strong>, <strong>PRETTY MAIDS</strong>, <strong>IN EXTREMO</strong>, <strong>DROWNING POOL</strong>, <strong>SONATA ARCTICA</strong>, <strong>KORPIKLAANI</strong>, <strong>AXXIS</strong> a <strong>BATTLE BEAST</strong>. Na svoje si prídu aj fanúšikovia žánrovej pestrosti a modernej produkcie vďaka menám ako <strong>PENDULUM</strong>, <strong>DUB FX</strong> či <strong>ERIC HUTCHENCE</strong>, ktoré prinášajú úplne inú, no rovnako intenzívnu koncertnú energiu.<br><br>Nebudú chýbať ani výrazné mená českej a slovenskej scény – legendárny <strong>HORKÝŽE SLÍŽE</strong>, <strong>MICHAL DAVID</strong>, <strong>INEKAFE</strong>, <strong>KONFLIKT</strong>, <strong>SLOBODNÁ EÚROPA</strong> či <strong>HEĽENINE OČI</strong>, spolu s ďalšími interpretmi ako <strong>CATASTROFY</strong>, <strong>RAVENCLAW</strong>, <strong>EUFORY</strong>, <strong>KORN SK</strong>, <strong>LAST TALE</strong>, <strong>HEAD2DOWN</strong> a <strong>DORA</strong>.<br><br><strong>ROCK POD KAMEŇOM</strong> je viac než len festival – je to miesto stretnutí, slobody, hudby a nezameniteľnej atmosféry pod holým nebom, kde každý rok vznikajú zážitky, na ktoré sa nezabúda.<br><br>Zabezpeč si vstupenku včas a buď súčasťou jedného z najväčších hudobných zážitkov leta 2026.</p>



<p></p>

<p>ROCK POD KAMEŇOM Festival ROCK POD KAMEŇOM sa v roku 2026 vracia v plnej sile a opäť premení Belú nad Cirochou na epicentrum dobrej hudby a nezabudnuteľnej festivalovej atmosféry. V termíne 25. – 27. júna 2026 zažiješ tri dni nabité energiou, silnými emóciami a vystúpeniami, na ktoré sa nezabúda. Line-up prináša výnimočné spojenie svetových legiend [&hellip;]</p>
